{"id":101,"date":"2018-01-06T19:50:40","date_gmt":"2018-01-06T18:50:40","guid":{"rendered":"http:\/\/ecolesacrecoeur.fr\/?page_id=101"},"modified":"2026-03-13T11:46:09","modified_gmt":"2026-03-13T10:46:09","slug":"cantine","status":"publish","type":"page","link":"https:\/\/ecolesacrecoeur.fr\/?page_id=101","title":{"rendered":"Cantine"},"content":{"rendered":"<p class=\"Standard\"><strong><u><span style=\"font-size: 14pt; font-family: 'Trebuchet MS', sans-serif;\">Cantine<\/span><\/u><span style=\"font-size: 14pt; font-family: 'Trebuchet MS', sans-serif;\"> :<\/span><\/strong><\/p>\n<p class=\"Standard\"><span style=\"font-family: 'Trebuchet MS', sans-serif;\">Les enfants mangent \u00e0 la cantine municipale ; l&rsquo;inscription se fait aupr\u00e8s de la mairie de Torigny les Villes. Les enfants y sont emmen\u00e9s \u00e0 11h40 et reviennent pour 12h30.\u00a0<\/span><\/p>\n<p class=\"Textbody\"><span style=\"font-family: 'Trebuchet MS', sans-serif; color: black;\">Tarif<\/span><span style=\"font-family: 'Trebuchet MS', sans-serif; color: black;\"> pour les familles domicili\u00e9es \u00e0 Torigny les villes : 4 \u20ac <\/span><\/p>\n<p class=\"Textbody\"><span style=\"font-family: 'Trebuchet MS', sans-serif; color: black;\">Hors Torigny les villes : 5,05 \u20ac<\/span><\/p>\n<p>Infos cantine de la mairie et Menus : <a href=\"https:\/\/torignylesvilles.fr\/vie-quotidienne\/jeunesse\/cantine\/\" target=\"_blank\" rel=\"noopener\">ici<\/a> !<\/p>\n<p><a href=\"http:\/\/ecolesacrecoeur.fr\/?attachment_id=357\" rel=\"attachment wp-att-357\"><img loading=\"lazy\" decoding=\"async\" class=\"alignnone size-medium wp-image-357\" src=\"http:\/\/ecolesacrecoeur.fr\/wp-content\/uploads\/2018\/08\/Capture-d\u2019\u00e9cran-2018-08-18-\u00e0-22.09.35-300x225.png\" alt=\"\" width=\"300\" height=\"225\" srcset=\"https:\/\/ecolesacrecoeur.fr\/wp-content\/uploads\/2018\/08\/Capture-d\u2019\u00e9cran-2018-08-18-\u00e0-22.09.35-300x225.png 300w, https:\/\/ecolesacrecoeur.fr\/wp-content\/uploads\/2018\/08\/Capture-d\u2019\u00e9cran-2018-08-18-\u00e0-22.09.35-401x300.png 401w, https:\/\/ecolesacrecoeur.fr\/wp-content\/uploads\/2018\/08\/Capture-d\u2019\u00e9cran-2018-08-18-\u00e0-22.09.35.png 453w\" sizes=\"auto, (max-width: 300px) 100vw, 300px\" \/><\/a><\/p>\n","protected":false},"excerpt":{"rendered":"<p>Cantine : Les enfants mangent \u00e0 la cantine municipale ; l&rsquo;inscription se fait aupr\u00e8s de la mairie de Torigny les [&hellip;]<\/p>\n","protected":false},"author":1,"featured_media":0,"parent":0,"menu_order":1,"comment_status":"closed","ping_status":"closed","template":"","meta":{"site-sidebar-layout":"default","site-content-layout":"","ast-site-content-layout":"","site-content-style":"default","site-sidebar-style":"default","ast-global-header-display":"","ast-banner-title-visibility":"","ast-main-header-display":"","ast-hfb-above-header-display":"","ast-hfb-below-header-display":"","ast-hfb-mobile-header-display":"","site-post-title":"","ast-breadcrumbs-content":"","ast-featured-img":"","footer-sml-layout":"","theme-transparent-header-meta":"","adv-header-id-meta":"","stick-header-meta":"","header-above-stick-meta":"","header-main-stick-meta":"","header-below-stick-meta":"","astra-migrate-meta-layouts":"default","ast-page-background-enabled":"default","ast-page-background-meta":{"desktop":{"background-color":"var(--ast-global-color-5)","background-image":"","background-repeat":"repeat","background-position":"center center","background-size":"auto","background-attachment":"scroll","background-type":"","background-media":"","overlay-type":"","overlay-color":"","overlay-opacity":"","overlay-gradient":""},"tablet":{"background-color":"","background-image":"","background-repeat":"repeat","background-position":"center center","background-size":"auto","background-attachment":"scroll","background-type":"","background-media":"","overlay-type":"","overlay-color":"","overlay-opacity":"","overlay-gradient":""},"mobile":{"background-color":"","background-image":"","background-repeat":"repeat","background-position":"center center","background-size":"auto","background-attachment":"scroll","background-type":"","background-media":"","overlay-type":"","overlay-color":"","overlay-opacity":"","overlay-gradient":""}},"ast-content-background-meta":{"desktop":{"background-color":"var(--ast-global-color-4)","background-image":"","background-repeat":"repeat","background-position":"center center","background-size":"auto","background-attachment":"scroll","background-type":"","background-media":"","overlay-type":"","overlay-color":"","overlay-opacity":"","overlay-gradient":""},"tablet":{"background-color":"var(--ast-global-color-4)","background-image":"","background-repeat":"repeat","background-position":"center center","background-size":"auto","background-attachment":"scroll","background-type":"","background-media":"","overlay-type":"","overlay-color":"","overlay-opacity":"","overlay-gradient":""},"mobile":{"background-color":"var(--ast-global-color-4)","background-image":"","background-repeat":"repeat","background-position":"center center","background-size":"auto","background-attachment":"scroll","background-type":"","background-media":"","overlay-type":"","overlay-color":"","overlay-opacity":"","overlay-gradient":""}},"jetpack_post_was_ever_published":false,"footnotes":""},"class_list":["post-101","page","type-page","status-publish","hentry"],"jetpack_sharing_enabled":true,"jetpack_shortlink":"https:\/\/wp.me\/PabtLX-1D","_links":{"self":[{"href":"https:\/\/ecolesacrecoeur.fr\/index.php?rest_route=\/wp\/v2\/pages\/101","targetHints":{"allow":["GET"]}}],"collection":[{"href":"https:\/\/ecolesacrecoeur.fr\/index.php?rest_route=\/wp\/v2\/pages"}],"about":[{"href":"https:\/\/ecolesacrecoeur.fr\/index.php?rest_route=\/wp\/v2\/types\/page"}],"author":[{"embeddable":true,"href":"https:\/\/ecolesacrecoeur.fr\/index.php?rest_route=\/wp\/v2\/users\/1"}],"replies":[{"embeddable":true,"href":"https:\/\/ecolesacrecoeur.fr\/index.php?rest_route=%2Fwp%2Fv2%2Fcomments&post=101"}],"version-history":[{"count":18,"href":"https:\/\/ecolesacrecoeur.fr\/index.php?rest_route=\/wp\/v2\/pages\/101\/revisions"}],"predecessor-version":[{"id":1399,"href":"https:\/\/ecolesacrecoeur.fr\/index.php?rest_route=\/wp\/v2\/pages\/101\/revisions\/1399"}],"wp:attachment":[{"href":"https:\/\/ecolesacrecoeur.fr\/index.php?rest_route=%2Fwp%2Fv2%2Fmedia&parent=101"}],"curies":[{"name":"wp","href":"https:\/\/api.w.org\/{rel}","templated":true}]}}