{"id":104,"date":"2018-01-06T19:50:56","date_gmt":"2018-01-06T18:50:56","guid":{"rendered":"http:\/\/ecolesacrecoeur.fr\/?page_id=104"},"modified":"2026-03-13T11:40:12","modified_gmt":"2026-03-13T10:40:12","slug":"personnel","status":"publish","type":"page","link":"http:\/\/ecolesacrecoeur.fr\/?page_id=104","title":{"rendered":"Equipe \u00e9ducative"},"content":{"rendered":"<p>L&rsquo;\u00e9quipe \u00e9ducative est compos\u00e9e du chef d&rsquo;\u00e9tablissement et de 7 enseignants, 2 aides maternelles dans les classes des petits, 1 personnel de service (surveillance et entretien) et 1 AESH.<\/p>\n<p>Les membres de l&rsquo;\u00e9quipe communiquent et agissent en lien avec les familles dans le but commun de faire progresser et grandir chacun des \u00e9l\u00e8ves.<\/p>\n<p>Un service d&rsquo;\u00e9tude, pendant laquelle une aide aux devoirs est propos\u00e9e, est assur\u00e9 chaque soir par les enseignants jusqu&rsquo;\u00e0 17h45.<\/p>\n<p>Plusieurs entretiens individuels entre les familles et les enseignants sont organis\u00e9s au cours de l&rsquo;ann\u00e9e afin de suivre les progr\u00e8s de chaque \u00e9l\u00e8ve.<\/p>\n\n\n<figure class=\"wp-block-image size-large is-resized\"><a href=\"https:\/\/ecolesacrecoeur.fr\/wp-content\/uploads\/2026\/03\/Equipe-2025-2026-1-scaled.jpg\" target=\"_blank\" rel=\"noreferrer noopener\"><img loading=\"lazy\" decoding=\"async\" width=\"1024\" height=\"724\" src=\"https:\/\/ecolesacrecoeur.fr\/wp-content\/uploads\/2026\/03\/Equipe-2025-2026-1-1024x724.jpg\" alt=\"\" class=\"wp-image-1394\" style=\"width:1028px;height:auto\" srcset=\"http:\/\/ecolesacrecoeur.fr\/wp-content\/uploads\/2026\/03\/Equipe-2025-2026-1-1024x724.jpg 1024w, http:\/\/ecolesacrecoeur.fr\/wp-content\/uploads\/2026\/03\/Equipe-2025-2026-1-300x212.jpg 300w, http:\/\/ecolesacrecoeur.fr\/wp-content\/uploads\/2026\/03\/Equipe-2025-2026-1-768x543.jpg 768w, http:\/\/ecolesacrecoeur.fr\/wp-content\/uploads\/2026\/03\/Equipe-2025-2026-1-1536x1086.jpg 1536w, http:\/\/ecolesacrecoeur.fr\/wp-content\/uploads\/2026\/03\/Equipe-2025-2026-1-2048x1448.jpg 2048w\" sizes=\"auto, (max-width: 1024px) 100vw, 1024px\" \/><\/a><\/figure>\n","protected":false},"excerpt":{"rendered":"<p>L&rsquo;\u00e9quipe \u00e9ducative est compos\u00e9e du chef d&rsquo;\u00e9tablissement et de 7 enseignants, 2 aides maternelles dans les classes des petits, 1 [&hellip;]<\/p>\n","protected":false},"author":1,"featured_media":0,"parent":0,"menu_order":4,"comment_status":"closed","ping_status":"closed","template":"","meta":{"site-sidebar-layout":"default","site-content-layout":"","ast-site-content-layout":"","site-content-style":"default","site-sidebar-style":"default","ast-global-header-display":"","ast-banner-title-visibility":"","ast-main-header-display":"","ast-hfb-above-header-display":"","ast-hfb-below-header-display":"","ast-hfb-mobile-header-display":"","site-post-title":"","ast-breadcrumbs-content":"","ast-featured-img":"","footer-sml-layout":"","theme-transparent-header-meta":"","adv-header-id-meta":"","stick-header-meta":"","header-above-stick-meta":"","header-main-stick-meta":"","header-below-stick-meta":"","astra-migrate-meta-layouts":"default","ast-page-background-enabled":"default","ast-page-background-meta":{"desktop":{"background-color":"var(--ast-global-color-5)","background-image":"","background-repeat":"repeat","background-position":"center center","background-size":"auto","background-attachment":"scroll","background-type":"","background-media":"","overlay-type":"","overlay-color":"","overlay-opacity":"","overlay-gradient":""},"tablet":{"background-color":"","background-image":"","background-repeat":"repeat","background-position":"center center","background-size":"auto","background-attachment":"scroll","background-type":"","background-media":"","overlay-type":"","overlay-color":"","overlay-opacity":"","overlay-gradient":""},"mobile":{"background-color":"","background-image":"","background-repeat":"repeat","background-position":"center center","background-size":"auto","background-attachment":"scroll","background-type":"","background-media":"","overlay-type":"","overlay-color":"","overlay-opacity":"","overlay-gradient":""}},"ast-content-background-meta":{"desktop":{"background-color":"var(--ast-global-color-4)","background-image":"","background-repeat":"repeat","background-position":"center center","background-size":"auto","background-attachment":"scroll","background-type":"","background-media":"","overlay-type":"","overlay-color":"","overlay-opacity":"","overlay-gradient":""},"tablet":{"background-color":"var(--ast-global-color-4)","background-image":"","background-repeat":"repeat","background-position":"center center","background-size":"auto","background-attachment":"scroll","background-type":"","background-media":"","overlay-type":"","overlay-color":"","overlay-opacity":"","overlay-gradient":""},"mobile":{"background-color":"var(--ast-global-color-4)","background-image":"","background-repeat":"repeat","background-position":"center center","background-size":"auto","background-attachment":"scroll","background-type":"","background-media":"","overlay-type":"","overlay-color":"","overlay-opacity":"","overlay-gradient":""}},"jetpack_post_was_ever_published":false,"footnotes":""},"class_list":["post-104","page","type-page","status-publish","hentry"],"jetpack_sharing_enabled":true,"jetpack_shortlink":"https:\/\/wp.me\/PabtLX-1G","_links":{"self":[{"href":"http:\/\/ecolesacrecoeur.fr\/index.php?rest_route=\/wp\/v2\/pages\/104","targetHints":{"allow":["GET"]}}],"collection":[{"href":"http:\/\/ecolesacrecoeur.fr\/index.php?rest_route=\/wp\/v2\/pages"}],"about":[{"href":"http:\/\/ecolesacrecoeur.fr\/index.php?rest_route=\/wp\/v2\/types\/page"}],"author":[{"embeddable":true,"href":"http:\/\/ecolesacrecoeur.fr\/index.php?rest_route=\/wp\/v2\/users\/1"}],"replies":[{"embeddable":true,"href":"http:\/\/ecolesacrecoeur.fr\/index.php?rest_route=%2Fwp%2Fv2%2Fcomments&post=104"}],"version-history":[{"count":11,"href":"http:\/\/ecolesacrecoeur.fr\/index.php?rest_route=\/wp\/v2\/pages\/104\/revisions"}],"predecessor-version":[{"id":1396,"href":"http:\/\/ecolesacrecoeur.fr\/index.php?rest_route=\/wp\/v2\/pages\/104\/revisions\/1396"}],"wp:attachment":[{"href":"http:\/\/ecolesacrecoeur.fr\/index.php?rest_route=%2Fwp%2Fv2%2Fmedia&parent=104"}],"curies":[{"name":"wp","href":"https:\/\/api.w.org\/{rel}","templated":true}]}}

Equipe éducative

<p>L&rsquo;équipe éducative est composée du chef d&rsquo;établissement et de 7 enseignants, 2 aides maternelles dans les classes des petits, 1 personnel de service (surveillance et entretien) et 1 AESH.</p>
<p>Les membres de l&rsquo;équipe communiquent et agissent en lien avec les familles dans le but commun de faire progresser et grandir chacun des élèves.</p>
<p>Un service d&rsquo;étude, pendant laquelle une aide aux devoirs est proposée, est assuré chaque soir par les enseignants jusqu&rsquo;à 17h45.</p>
<p>Plusieurs entretiens individuels entre les familles et les enseignants sont organisés au cours de l&rsquo;année afin de suivre les progrès de chaque élève.</p>


<figure class="wp-block-image size-large is-resized"><a href="https://ecolesacrecoeur.fr/wp-content/uploads/2026/03/Equipe-2025-2026-1-scaled.jpg" target="_blank" rel="noreferrer noopener"><img loading="lazy" decoding="async" width="1024" height="724" src="https://ecolesacrecoeur.fr/wp-content/uploads/2026/03/Equipe-2025-2026-1-1024x724.jpg" alt="" class="wp-image-1394" style="width:1028px;height:auto" srcset="http://ecolesacrecoeur.fr/wp-content/uploads/2026/03/Equipe-2025-2026-1-1024x724.jpg 1024w, http://ecolesacrecoeur.fr/wp-content/uploads/2026/03/Equipe-2025-2026-1-300x212.jpg 300w, http://ecolesacrecoeur.fr/wp-content/uploads/2026/03/Equipe-2025-2026-1-768x543.jpg 768w, http://ecolesacrecoeur.fr/wp-content/uploads/2026/03/Equipe-2025-2026-1-1536x1086.jpg 1536w, http://ecolesacrecoeur.fr/wp-content/uploads/2026/03/Equipe-2025-2026-1-2048x1448.jpg 2048w" sizes="auto, (max-width: 1024px) 100vw, 1024px" /></a></figure>

<p>L&rsquo;équipe éducative est composée du chef d&rsquo;établissement et de 7 enseignants, 2 aides maternelles dans les classes des petits, 1 [&hellip;]</p>
